{"id":103,"date":"2015-10-21T19:56:25","date_gmt":"2015-10-21T18:56:25","guid":{"rendered":"http:\/\/crimenesdeodio.info\/?post_type=hatecrime&#038;p=103"},"modified":"2026-03-23T18:27:01","modified_gmt":"2026-03-23T17:27:01","slug":"jesus-sanchez-rodriguez","status":"publish","type":"hatecrime","link":"https:\/\/crimenesdeodio.info\/ca\/hatecrime\/jesus-sanchez-rodriguez\/","title":{"rendered":"Jes\u00fas S\u00e1nchez Rodr\u00edguez"},"content":{"rendered":"<p>Jove toxic\u00f2man de 27 anys fou agredit brutalment a la plaza de Las Comendadoras per un grup de joves. El germ\u00e0 de la v\u00edctima el va trobar al dia seg\u00fcent encara viu, tirat al carrer, i aquest li va manifestar abans de perdre la consci\u00e8ncia, \u00a0que l&#8217;havien agredit uns caps rapats neonazis. Els fets van oc\u00f2rrer el cap de setmana del 20N, data simb\u00f2lica per ser l&#8217;aniversari de la mort de Franco i de Jos\u00e9 Antonio Primo de Rivera, i \u00e9s quan grups neonazis i feixistes celebraren diversos actes a Madrid.<\/p>\n","protected":false},"featured_media":0,"template":"","class_list":["post-103","hatecrime","type-hatecrime","status-publish","hentry","type-otros","sentence_type-archivado"],"acf":{"fecha_del_crimen":"19931121","age":"","direccion":{"street":"Plaza de las Comendadoras","neighbourhood":"Malasa\u00f1a","city":"Madrid","province":"Madrid"},"lugar":{"latitude":"40.4273542","longitude":"-3.7114265"},"videos":"","organo_judicial":"","sentencia":"Arxivat per manca de proves","toot":""},"_links":{"self":[{"href":"https:\/\/crimenesdeodio.info\/ca\/wp-json\/wp\/v2\/hatecrime\/103","targetHints":{"allow":["GET"]}}],"collection":[{"href":"https:\/\/crimenesdeodio.info\/ca\/wp-json\/wp\/v2\/hatecrime"}],"about":[{"href":"https:\/\/crimenesdeodio.info\/ca\/wp-json\/wp\/v2\/types\/hatecrime"}],"wp:attachment":[{"href":"https:\/\/crimenesdeodio.info\/ca\/wp-json\/wp\/v2\/media?parent=103"}],"curies":[{"name":"wp","href":"https:\/\/api.w.org\/{rel}","templated":true}]}}

Jesús Sánchez Rodríguez

<p>Jove toxicòman de 27 anys fou agredit brutalment a la plaza de Las Comendadoras per un grup de joves. El germà de la víctima el va trobar al dia següent encara viu, tirat al carrer, i aquest li va manifestar abans de perdre la consciència,  que l&#8217;havien agredit uns caps rapats neonazis. Els fets van ocòrrer el cap de setmana del 20N, data simbòlica per ser l&#8217;aniversari de la mort de Franco i de José Antonio Primo de Rivera, i és quan grups neonazis i feixistes celebraren diversos actes a Madrid.</p>

Malasaña
