{"id":334,"date":"2015-10-26T10:04:17","date_gmt":"2015-10-26T09:04:17","guid":{"rendered":"http:\/\/crimenesdeodio.info\/?post_type=hatecrime&#038;p=334"},"modified":"2025-08-25T12:24:59","modified_gmt":"2025-08-25T11:24:59","slug":"musico-callejero-esloveno","status":"publish","type":"hatecrime","link":"https:\/\/crimenesdeodio.info\/ca\/hatecrime\/musico-callejero-esloveno\/","title":{"rendered":"P.R. M\u00fasic de carrer d&#8217;origen txec"},"content":{"rendered":"<p>Un grup de tres neonazis va assassinar a un ciutad\u00e0 eslov\u00e8 que es dedicava a tocar m\u00fasica al carrer. Va rebre diverses punyalades a la pla\u00e7a de Sant Crist\u00f2fol. L&#8217;agressi\u00f3 es va produir quan la v\u00edctima i els seus amics van ser increpats pels tres neonazis. Aquest atac es va produir despr\u00e9s que els mateixos agressors atacaren una parella que es trobava asseguda a la terrassa d&#8217;un bar de la zona i al propietari del mateix, d&#8217;origen afric\u00e0. La policia va detenir els pocs minuts a l&#8217;autor de la punyalada i als seus dos acompanyants.<\/p>\n","protected":false},"featured_media":0,"template":"","class_list":["post-334","hatecrime","type-hatecrime","status-publish","hentry","type-racismoxenofobia","sentence_type-condena","delict-homicidio"],"acf":{"fecha_del_crimen":"20011117","age":"","direccion":{"street":"plaza de San Cristobal","neighbourhood":"","city":"Alicante","province":"Alicante"},"lugar":{"latitude":"38.3468734","longitude":"-0.4859906"},"videos":"","organo_judicial":"Audi\u00e8ncia Provincial d'Alacant","sentencia":"","toot":""},"_links":{"self":[{"href":"https:\/\/crimenesdeodio.info\/ca\/wp-json\/wp\/v2\/hatecrime\/334","targetHints":{"allow":["GET"]}}],"collection":[{"href":"https:\/\/crimenesdeodio.info\/ca\/wp-json\/wp\/v2\/hatecrime"}],"about":[{"href":"https:\/\/crimenesdeodio.info\/ca\/wp-json\/wp\/v2\/types\/hatecrime"}],"wp:attachment":[{"href":"https:\/\/crimenesdeodio.info\/ca\/wp-json\/wp\/v2\/media?parent=334"}],"curies":[{"name":"wp","href":"https:\/\/api.w.org\/{rel}","templated":true}]}}

P.R. Músic de carrer d&#8217;origen txec

<p>Un grup de tres neonazis va assassinar a un ciutadà eslovè que es dedicava a tocar música al carrer. Va rebre diverses punyalades a la plaça de Sant Cristòfol. L&#8217;agressió es va produir quan la víctima i els seus amics van ser increpats pels tres neonazis. Aquest atac es va produir després que els mateixos agressors atacaren una parella que es trobava asseguda a la terrassa d&#8217;un bar de la zona i al propietari del mateix, d&#8217;origen africà. La policia va detenir els pocs minuts a l&#8217;autor de la punyalada i als seus dos acompanyants.</p>

Audiència Provincial d'Alacant
