{"id":586,"date":"2015-10-26T18:00:34","date_gmt":"2015-10-26T17:00:34","guid":{"rendered":"http:\/\/crimenesdeodio.info\/?post_type=hatecrime&#038;p=586"},"modified":"2025-08-25T12:20:42","modified_gmt":"2025-08-25T11:20:42","slug":"jorge-ramon-alvarez-alegre","status":"publish","type":"hatecrime","link":"https:\/\/crimenesdeodio.info\/ca\/hatecrime\/jorge-ramon-alvarez-alegre\/","title":{"rendered":"Jorge Ram\u00f3n \u00c1lvarez Alegre"},"content":{"rendered":"<p>Jorge Ram\u00f3n entr\u00e0 en un bar i dos joves que no el coneixien de res, el convidaren a beure. Els tres van abandonar el lloc i despr\u00e9s passejar per diversos carrers de Lle\u00f3, van estar asseguts al parc de la Granja, reprenent el pas fins arribar a la zona de La Candamia. All\u00e0, van seure en un banc, i, sempre segons l&#8217;escrit de qualificacions pr\u00e8vies, el menor d&#8217;edat va recordar a l&#8217;altre jove \u00abque havien de matar el vagabund, perqu\u00e8 per a aix\u00f2 havien anat all\u00e0\u00bb. En aquest moment \u00abva procedir a treure una navalla que tenia a la butxaca, donant una ganivetada al cap a Jorge Ram\u00f3n, que no va poder fer res en la seva defensa davant l&#8217;inesperat de l&#8217;acci\u00f3\u00bb diu el gui\u00f3 del judici. Segons es va relatar en el judici, quan la v\u00edctima ja tenia lesions importants al cap, els dos suposats autors dels fets van comen\u00e7ar a donar-li puntades de peu i noves ganivetades, sumant entre tots dos 105 i una gran ferida incisa a l&#8217;abdomen, causant la mort de Jorge Ram\u00f3n per xoc hemorr\u00e0gic. El gui\u00f3 del judici insisteix que la v\u00edctima va rebre m\u00e9s ganivetades de les que van ser necess\u00e0ries per causar-li la mort, amb intenci\u00f3 d&#8217;augmentar el dolor. L&#8217;acusaci\u00f3 particular assenyala, en la seva descripci\u00f3 dels fets, que la v\u00edctima va rebre \u00abprop de 20 punyalades i cops de peu\u00bb abans de caure a terra. Tamb\u00e9 indica que, un cop produ\u00efda l&#8217;aturada cardiorespirat\u00f2ria que va acabar amb la vida del finat, els imputats en els fets van tornar a abalan\u00e7ar sobre la v\u00edctima, causant una gran ferida incisa des de l&#8217;est\u00e8rnum a la regi\u00f3 umbilical dreta, deixant al descobert la cavitat abdominal i les v\u00edsceres.<\/p>\n","protected":false},"featured_media":0,"template":"","class_list":["post-586","hatecrime","type-hatecrime","status-publish","hentry","type-aporofobia","sentence_type-condena","delict-asesinato"],"acf":{"fecha_del_crimen":"20001210","age":"","direccion":{"street":"","neighbourhood":"La Candamia","city":"Le\u00f3n","province":"Le\u00f3n"},"lugar":{"latitude":"42.5955041","longitude":"-5.560397"},"videos":"","organo_judicial":"Audi\u00e8ncia Provincial de Le\u00f3n, Tribunal Constitucional i Tribunal Europeu de Drets Humans","sentencia":"Dos anys d'internament per un delicte d'assassinat per un dels acusats. El Tribunal Constitucional va rebutjar l'octubre del 2006 el recurs d'empara que el demandant va interposar. La Sala Tercera del Tribunal Europeu de Drets Humans va concloure el 2010 que Espanya va violar l'article 6.1 del Conveni Europeu de Drets Humans (dret que una causa sigui escoltada equitativament i p\u00fablicament).","toot":""},"_links":{"self":[{"href":"https:\/\/crimenesdeodio.info\/ca\/wp-json\/wp\/v2\/hatecrime\/586","targetHints":{"allow":["GET"]}}],"collection":[{"href":"https:\/\/crimenesdeodio.info\/ca\/wp-json\/wp\/v2\/hatecrime"}],"about":[{"href":"https:\/\/crimenesdeodio.info\/ca\/wp-json\/wp\/v2\/types\/hatecrime"}],"wp:attachment":[{"href":"https:\/\/crimenesdeodio.info\/ca\/wp-json\/wp\/v2\/media?parent=586"}],"curies":[{"name":"wp","href":"https:\/\/api.w.org\/{rel}","templated":true}]}}

Jorge Ramón Álvarez Alegre

<p>Jorge Ramón entrà en un bar i dos joves que no el coneixien de res, el convidaren a beure. Els tres van abandonar el lloc i després passejar per diversos carrers de Lleó, van estar asseguts al parc de la Granja, reprenent el pas fins arribar a la zona de La Candamia. Allà, van seure en un banc, i, sempre segons l&#8217;escrit de qualificacions prèvies, el menor d&#8217;edat va recordar a l&#8217;altre jove «que havien de matar el vagabund, perquè per a això havien anat allà». En aquest moment «va procedir a treure una navalla que tenia a la butxaca, donant una ganivetada al cap a Jorge Ramón, que no va poder fer res en la seva defensa davant l&#8217;inesperat de l&#8217;acció» diu el guió del judici. Segons es va relatar en el judici, quan la víctima ja tenia lesions importants al cap, els dos suposats autors dels fets van començar a donar-li puntades de peu i noves ganivetades, sumant entre tots dos 105 i una gran ferida incisa a l&#8217;abdomen, causant la mort de Jorge Ramón per xoc hemorràgic. El guió del judici insisteix que la víctima va rebre més ganivetades de les que van ser necessàries per causar-li la mort, amb intenció d&#8217;augmentar el dolor. L&#8217;acusació particular assenyala, en la seva descripció dels fets, que la víctima va rebre «prop de 20 punyalades i cops de peu» abans de caure a terra. També indica que, un cop produïda l&#8217;aturada cardiorespiratòria que va acabar amb la vida del finat, els imputats en els fets van tornar a abalançar sobre la víctima, causant una gran ferida incisa des de l&#8217;estèrnum a la regió umbilical dreta, deixant al descobert la cavitat abdominal i les vísceres.</p>

León

Audiència Provincial de León, Tribunal Constitucional i Tribunal Europeu de Drets Humans

Dos anys d'internament per un delicte d'assassinat per un dels acusats. El Tribunal Constitucional va rebutjar l'octubre del 2006 el recurs d'empara que el demandant va interposar. La Sala Tercera del Tribunal Europeu de Drets Humans va concloure el 2010 que Espanya va violar l'article 6.1 del Conveni Europeu de Drets Humans (dret que una causa sigui escoltada equitativament i públicament).
