{"id":771,"date":"2015-10-27T12:10:21","date_gmt":"2015-10-27T11:10:21","guid":{"rendered":"http:\/\/crimenesdeodio.info\/?post_type=hatecrime&#038;p=771"},"modified":"2025-08-25T12:08:11","modified_gmt":"2025-08-25T11:08:11","slug":"carlos-javier-palomino","status":"publish","type":"hatecrime","link":"https:\/\/crimenesdeodio.info\/ca\/hatecrime\/carlos-javier-palomino\/","title":{"rendered":"Carlos Javier Palomino"},"content":{"rendered":"<p>Menor antifeixista de 16 anys assassinat per un militar d&#8217;ideologia neonazi. Va morir d&#8217;una punyalada al cor i almenys set joves tamb\u00e9 van resultar ferits, un d&#8217;ells de gravetat fruit d&#8217;una altra punyalada. L&#8217;assass\u00ed anava a una manifestaci\u00f3 de les joventuts del partit neonazi Democracia Nacional quan es va topar amb un grup d&#8217;antifeixistes que es dirigien a una convocat\u00f2ria per protestar contra la marxa d&#8217;extrema dreta. L&#8217;assass\u00ed, Josu\u00e9 Est\u00e9banez, militar professional, fou condemnat a 26 anys de pres\u00f3.<\/p>\n","protected":false},"featured_media":1740,"template":"","class_list":["post-771","hatecrime","type-hatecrime","status-publish","has-post-thumbnail","hentry","type-odioideologico","sentence_type-condena","delict-asesinato"],"acf":{"fecha_del_crimen":"20071111","age":"","direccion":{"street":"Estaci\u00f3n de metro de Legazpi","neighbourhood":"Legazpi","city":"Madrid","province":"Madrid"},"lugar":{"latitude":"40.3911547","longitude":"-3.6973082"},"videos":"https:\/\/www.youtube.com\/embed\/qTkWwfZfIwM___Asesinato de Carlos Javier Palomino\r\nhttps:\/\/www.youtube.com\/embed\/jjEsmkbCD-0___Jucio contra Josu\u00e9 Est\u00e9banez, el militar que mat\u00f3 a Carlos Palomino\r\nhttps:\/\/www.youtube.com\/embed\/2cjgkZQsNEc___26 a\u00f1os de carcel para Josue Estebanez el asesino de Carlos Palomino (M.D.Cuatro 19-10-09)\r\nhttps:\/\/www.youtube.com\/watch?v=C3r88_saM1c___Carlos, 1 a\u00f1o sin ti, un a\u00f1o contigo (Documental, MADRID 2008)\r\nhttps:\/\/www.youtube.com\/watch?v=jldV0rqg_Gk___Entrevista a la Madre de Carlos Palomino\r\nhttps:\/\/www.youtube.com\/watch?v=ZRtzyl48RG4___Ponen una placa en Madrid al antifascista Carlos Palomino","organo_judicial":"Audiencia Provincial de Madrid, Tribunal Supremo","sentencia":"Un condenado a 26 a\u00f1os de prisi\u00f3n por asesinato e intento de homicidio con agravante de discriminaci\u00f3n ideol\u00f3gica","toot":""},"_links":{"self":[{"href":"https:\/\/crimenesdeodio.info\/ca\/wp-json\/wp\/v2\/hatecrime\/771","targetHints":{"allow":["GET"]}}],"collection":[{"href":"https:\/\/crimenesdeodio.info\/ca\/wp-json\/wp\/v2\/hatecrime"}],"about":[{"href":"https:\/\/crimenesdeodio.info\/ca\/wp-json\/wp\/v2\/types\/hatecrime"}],"wp:featuredmedia":[{"embeddable":true,"href":"https:\/\/crimenesdeodio.info\/ca\/wp-json\/wp\/v2\/media\/1740"}],"wp:attachment":[{"href":"https:\/\/crimenesdeodio.info\/ca\/wp-json\/wp\/v2\/media?parent=771"}],"curies":[{"name":"wp","href":"https:\/\/api.w.org\/{rel}","templated":true}]}}

<p>Menor antifeixista de 16 anys assassinat per un militar d&#8217;ideologia neonazi. Va morir d&#8217;una punyalada al cor i almenys set joves també van resultar ferits, un d&#8217;ells de gravetat fruit d&#8217;una altra punyalada. L&#8217;assassí anava a una manifestació de les joventuts del partit neonazi Democracia Nacional quan es va topar amb un grup d&#8217;antifeixistes que es dirigien a una convocatòria per protestar contra la marxa d&#8217;extrema dreta. L&#8217;assassí, Josué Estébanez, militar professional, fou condemnat a 26 anys de presó.</p>

Estación de metro de Legazpi

https://www.youtube.com/embed/qTkWwfZfIwM___Asesinato de Carlos Javier Palomino
https://www.youtube.com/embed/jjEsmkbCD-0___Jucio contra Josué Estébanez, el militar que mató a Carlos Palomino
https://www.youtube.com/embed/2cjgkZQsNEc___26 años de carcel para Josue Estebanez el asesino de Carlos Palomino (M.D.Cuatro 19-10-09)
https://www.youtube.com/watch?v=C3r88_saM1c___Carlos, 1 año sin ti, un año contigo (Documental, MADRID 2008)
https://www.youtube.com/watch?v=jldV0rqg_Gk___Entrevista a la Madre de Carlos Palomino
https://www.youtube.com/watch?v=ZRtzyl48RG4___Ponen una placa en Madrid al antifascista Carlos Palomino

Un condenado a 26 años de prisión por asesinato e intento de homicidio con agravante de discriminación ideológica
