{"id":586,"date":"2015-10-26T18:00:34","date_gmt":"2015-10-26T17:00:34","guid":{"rendered":"http:\/\/crimenesdeodio.info\/?post_type=hatecrime&#038;p=586"},"modified":"2025-08-25T12:20:42","modified_gmt":"2025-08-25T11:20:42","slug":"jorge-ramon-alvarez-alegre","status":"publish","type":"hatecrime","link":"https:\/\/crimenesdeodio.info\/en\/hatecrime\/jorge-ramon-alvarez-alegre\/","title":{"rendered":"Jorge Ram\u00f3n \u00c1lvarez Alegre"},"content":{"rendered":"<p>Jorge Ram\u00f3n entered a bar and two young men who did not know him at all, invited him to take something. The three men left the scene and after wandering through several streets of Leon, stayed sitting in the park of \u201cLa Granja\u201d,  resuming steps to an area called \u201cLa Candamia&#8221;. There, they sat on a bench, and always according with the official report, one of the aggressors reminded the other \u201cto kill the homeless because that was the reason why they came there\u201d. At that time, &#8220;he proceeded to pull a knife he had in his pocket, taking a stab in the head to Jorge Ram\u00f3n, who could do nothing in his defense due the unexpected action&#8221; as can be read at the script. As it was reported in the trial, when the victim had major head injuries, the two alleged perpetrators began kicking and stabbing him, finally reaching 105 stabbings. They also caused the victim a large incised wound in the abdomen, killing Jorge Ram\u00f3n by hemorrhagic shock. The script of the trial insists that the victim received more stabs of which would have been necessary to cause death, intending to increase the pain. The Prosecution states in the description of the facts that the homeless man received &#8220;about 20 stabbing and kickings&#8221; before falling to the ground. It also indicates that once produced the cardiac arrest that killed him, the accused turned to pounce on the victim, causing a large incised wound from sternum to the right umbilical region which exposed the abdominal cavity and viscera.<\/p>\n","protected":false},"featured_media":0,"template":"","class_list":["post-586","hatecrime","type-hatecrime","status-publish","hentry","type-aporofobia","sentence_type-condena","delict-asesinato"],"acf":{"fecha_del_crimen":"20001210","age":"","direccion":{"street":"","neighbourhood":"La Candamia","city":"Le\u00f3n","province":"Le\u00f3n"},"lugar":{"latitude":"42.5955041","longitude":"-5.560397"},"videos":"","organo_judicial":"Audi\u00e8ncia Provincial de Le\u00f3n, Tribunal Constitucional i Tribunal Europeu de Drets Humans","sentencia":"Dos anys d'internament per un delicte d'assassinat per un dels acusats. El Tribunal Constitucional va rebutjar l'octubre del 2006 el recurs d'empara que el demandant va interposar. La Sala Tercera del Tribunal Europeu de Drets Humans va concloure el 2010 que Espanya va violar l'article 6.1 del Conveni Europeu de Drets Humans (dret que una causa sigui escoltada equitativament i p\u00fablicament).","toot":""},"_links":{"self":[{"href":"https:\/\/crimenesdeodio.info\/en\/wp-json\/wp\/v2\/hatecrime\/586","targetHints":{"allow":["GET"]}}],"collection":[{"href":"https:\/\/crimenesdeodio.info\/en\/wp-json\/wp\/v2\/hatecrime"}],"about":[{"href":"https:\/\/crimenesdeodio.info\/en\/wp-json\/wp\/v2\/types\/hatecrime"}],"wp:attachment":[{"href":"https:\/\/crimenesdeodio.info\/en\/wp-json\/wp\/v2\/media?parent=586"}],"curies":[{"name":"wp","href":"https:\/\/api.w.org\/{rel}","templated":true}]}}

Jorge Ramón Álvarez Alegre

<p>Jorge Ramón entered a bar and two young men who did not know him at all, invited him to take something. The three men left the scene and after wandering through several streets of Leon, stayed sitting in the park of “La Granja”,  resuming steps to an area called “La Candamia&#8221;. There, they sat on a bench, and always according with the official report, one of the aggressors reminded the other “to kill the homeless because that was the reason why they came there”. At that time, &#8220;he proceeded to pull a knife he had in his pocket, taking a stab in the head to Jorge Ramón, who could do nothing in his defense due the unexpected action&#8221; as can be read at the script. As it was reported in the trial, when the victim had major head injuries, the two alleged perpetrators began kicking and stabbing him, finally reaching 105 stabbings. They also caused the victim a large incised wound in the abdomen, killing Jorge Ramón by hemorrhagic shock. The script of the trial insists that the victim received more stabs of which would have been necessary to cause death, intending to increase the pain. The Prosecution states in the description of the facts that the homeless man received &#8220;about 20 stabbing and kickings&#8221; before falling to the ground. It also indicates that once produced the cardiac arrest that killed him, the accused turned to pounce on the victim, causing a large incised wound from sternum to the right umbilical region which exposed the abdominal cavity and viscera.</p>

León

Audiència Provincial de León, Tribunal Constitucional i Tribunal Europeu de Drets Humans

Dos anys d'internament per un delicte d'assassinat per un dels acusats. El Tribunal Constitucional va rebutjar l'octubre del 2006 el recurs d'empara que el demandant va interposar. La Sala Tercera del Tribunal Europeu de Drets Humans va concloure el 2010 que Espanya va violar l'article 6.1 del Conveni Europeu de Drets Humans (dret que una causa sigui escoltada equitativament i públicament).
