{"id":1069,"date":"2015-10-28T01:27:37","date_gmt":"2015-10-28T00:27:37","guid":{"rendered":"http:\/\/crimenesdeodio.info\/?post_type=hatecrime&#038;p=1069"},"modified":"2025-08-25T13:31:07","modified_gmt":"2025-08-25T12:31:07","slug":"alberto-javier-morales","status":"publish","type":"hatecrime","link":"https:\/\/crimenesdeodio.info\/es\/hatecrime\/alberto-javier-morales\/","title":{"rendered":"Alberto Javier Morales"},"content":{"rendered":"<p>Tras terminar su jornada laboral en un bar de la zona de Chueca, en Madrid, Alberto Javier y su acompa\u00f1ante volv\u00edan a casa cuando, al pasar por delante de un bar, recriminaron la conducta de dos j\u00f3venes que estaban dando patadas a unas bolsas de basura. Estos dos individuos, vinculados con grupos de extrema derecha, les persiguieron hasta que los abordaron por la espalda y atacaron con cascos de moto. El primero de los dos chicos agredidos cay\u00f3 al suelo inconsciente, mientras que Alberto Javier recibi\u00f3 una brutal paliza que acab\u00f3 con su vida.<\/p>\n","protected":false},"featured_media":0,"template":"","class_list":["post-1069","hatecrime","type-hatecrime","status-publish","hentry","type-otros"],"acf":{"fecha_del_crimen":"19990707","age":"","direccion":{"street":"Pelayo amb traves\u00eda de San Mateo","neighbourhood":"Chueca","city":"Madrid","province":"Madrid"},"lugar":{"latitude":"40.4247008","longitude":"-3.6992334"},"videos":"","organo_judicial":"","sentencia":"Dos detinguts posats a disposici\u00f3 judicial","toot":""},"_links":{"self":[{"href":"https:\/\/crimenesdeodio.info\/es\/wp-json\/wp\/v2\/hatecrime\/1069","targetHints":{"allow":["GET"]}}],"collection":[{"href":"https:\/\/crimenesdeodio.info\/es\/wp-json\/wp\/v2\/hatecrime"}],"about":[{"href":"https:\/\/crimenesdeodio.info\/es\/wp-json\/wp\/v2\/types\/hatecrime"}],"wp:attachment":[{"href":"https:\/\/crimenesdeodio.info\/es\/wp-json\/wp\/v2\/media?parent=1069"}],"curies":[{"name":"wp","href":"https:\/\/api.w.org\/{rel}","templated":true}]}}

<p>Tras terminar su jornada laboral en un bar de la zona de Chueca, en Madrid, Alberto Javier y su acompañante volvían a casa cuando, al pasar por delante de un bar, recriminaron la conducta de dos jóvenes que estaban dando patadas a unas bolsas de basura. Estos dos individuos, vinculados con grupos de extrema derecha, les persiguieron hasta que los abordaron por la espalda y atacaron con cascos de moto. El primero de los dos chicos agredidos cayó al suelo inconsciente, mientras que Alberto Javier recibió una brutal paliza que acabó con su vida.</p>

Pelayo amb travesía de San Mateo

Dos detinguts posats a disposició judicial
