{"id":334,"date":"2015-10-26T10:04:17","date_gmt":"2015-10-26T09:04:17","guid":{"rendered":"http:\/\/crimenesdeodio.info\/?post_type=hatecrime&#038;p=334"},"modified":"2025-08-25T12:24:59","modified_gmt":"2025-08-25T11:24:59","slug":"musico-callejero-esloveno","status":"publish","type":"hatecrime","link":"https:\/\/crimenesdeodio.info\/es\/hatecrime\/musico-callejero-esloveno\/","title":{"rendered":"P. R. M\u00fasico callejero de origen checo"},"content":{"rendered":"<p>Un grupo de tres neonazis asesin\u00f3 a P.R., un ciudadano esloveno que se dedicaba a tocar m\u00fasica en la calle. Recibi\u00f3 varias pu\u00f1aladas en la plaza de San Crist\u00f3bal. La agresi\u00f3n se produjo cuando la v\u00edctima y sus amigos fueron increpados por los tres neonazis. Este ataque se produjo despu\u00e9s de que los mismos agresores atacaran a una pareja que se hallaba sentada en la terraza de un bar de la zona y al propietario del mismo, de origen africano. La polic\u00eda detuvo a los pocos minutos al autor de la pu\u00f1alada y a sus dos acompa\u00f1antes.<\/p>\n","protected":false},"featured_media":0,"template":"","class_list":["post-334","hatecrime","type-hatecrime","status-publish","hentry","type-racismoxenofobia","sentence_type-condena","delict-homicidio"],"acf":{"fecha_del_crimen":"20011117","age":"","direccion":{"street":"plaza de San Cristobal","neighbourhood":"","city":"Alicante","province":"Alicante"},"lugar":{"latitude":"38.3468734","longitude":"-0.4859906"},"videos":"","organo_judicial":"Audi\u00e8ncia Provincial d'Alacant","sentencia":"","toot":""},"_links":{"self":[{"href":"https:\/\/crimenesdeodio.info\/es\/wp-json\/wp\/v2\/hatecrime\/334","targetHints":{"allow":["GET"]}}],"collection":[{"href":"https:\/\/crimenesdeodio.info\/es\/wp-json\/wp\/v2\/hatecrime"}],"about":[{"href":"https:\/\/crimenesdeodio.info\/es\/wp-json\/wp\/v2\/types\/hatecrime"}],"wp:attachment":[{"href":"https:\/\/crimenesdeodio.info\/es\/wp-json\/wp\/v2\/media?parent=334"}],"curies":[{"name":"wp","href":"https:\/\/api.w.org\/{rel}","templated":true}]}}

P. R. Músico callejero de origen checo

<p>Un grupo de tres neonazis asesinó a P.R., un ciudadano esloveno que se dedicaba a tocar música en la calle. Recibió varias puñaladas en la plaza de San Cristóbal. La agresión se produjo cuando la víctima y sus amigos fueron increpados por los tres neonazis. Este ataque se produjo después de que los mismos agresores atacaran a una pareja que se hallaba sentada en la terraza de un bar de la zona y al propietario del mismo, de origen africano. La policía detuvo a los pocos minutos al autor de la puñalada y a sus dos acompañantes.</p>

Audiència Provincial d'Alacant
